= 3*g + 5*h, 0 = -5*h + 25. Let x(b) be the first derivative of -3*b**2/2 + 4*b + 4. Determine x(g).
13
Suppose v = 4*l - 39, 0 = 5*l - 0*v + 2*v - 52. Let t(r) = -r - 1 - r**2 + l*r - 3*r. What is t(6)?
-1
Let h = -8 + 2. Let c = 3 + h. Let r(b) be the first derivative of b**4/4 + 4*b**3/3 + b**2 - 4*b + 548. What is r(c)?
-1
Let z be (-8)/2*2/(-4). Suppose -w = 5*f - z, 5*f - 3*w = -8*w - 10. Let p(y) = -4*y + 1. What is p(f)?
-3
Let q be 4/8*-2*2. Let u(m) = -m + 2. Give u(q).
4
Let a be 27/45 + 3*(-28)/15. Let z be -1 + 5/(-1 + 2). Let r(w) = -z*w + 0*w + 3*w + 2. What is r(a)?
7
Let b(d) = -d**2 + 5*d - 2. Let m(t) = t**3 - 7*t**2 + 7*t. Let y be m(6). What is b(y)?
-8
Let d(b) = 4*b. Suppose 0 = -5*l + 2*z + 9, -2*z + 3*z - 9 = -2*l. Let v = -5 - -1. Let p = l + v. Give d(p).
-4
Let f(v) = v**2 + v + 1. Let i(t) = t**3 - 9*t**2 - 10*t - 7. Let d(k) = -6*f(k) - i(k). Calculate d(4).
1
Let v(j) = j + 3. Let d be v(-4). Let l(t) = -2*t + 1. Determine l(d).
3
Let m = 11 - 9. Let p(k) = 2*k - 4*k**3 + 0*k + 3*k**m - 2 + 5*k**3. Suppose 5*v - 2*t + 6 = 0, 6*v + 5*t + 18 = 2*v. Determine p(v).
-2
Let l(o) = -o + 3. Let v be (-4)/2*(2 - 11/2). Give l(v).
-4
Let o(c) = -35*c + 19*c + 17*c - 8. What is o(0)?
-8
Let v(c) = 12*c + 2. Let g(s) = 2*s + 1. Let h(d) = -5*g(d) + v(d). What is h(-8)?
-19
Let a(m) = m**3 - m**2 + m. Suppose 20 = 5*z - 0*z. Suppose -2*p - z = k, 2*k = k + 2*p + 8. Calculate a(k).
6
Suppose 2*c = 2*g - 6, g + 3 = 3*c + 16. Let o be (9 + -2)*g/(-7). Suppose 0 = -p - t - 1, -2*t = o*t - 4. Let f(y) = y**2 + 5*y + 2. Determine f(p).
-4
Let a(o) = o**2 - 8*o - 4. Let d(s) be the second derivative of -s**4/12 + 7*s**3/6 + 2*s**2 - s. Let h(b) = -5*a(b) - 6*d(b). What is h(3)?
-1
Suppose -5*w - 2*f = -18, 5*f = -w + f. Let y be w/(-3)*(-18)/(-4). Let h be (6/12)/((-1)/y). Let i(o) = -o - 3. Determine i(h).
-6
Let t(a) = 1 - 28*a**2 + 14*a**2 + 0*a**2 - a + 0*a. Give t(1).
-14
Suppose 14 - 4 = 2*y. Suppose -c + y*h = -0*c - 17, 5*c = -2*h - 23. Let w(p) = 1 + 0 - 3*p**2 - p**3 + 3. Determine w(c).
4
Let h(p) = p. Let o(n) = n**2 - 8*n + 1. Let f be o(7). Determine h(f).
-6
Let o(s) be the third derivative of -s**5/60 + s**4/8 + s**3 + 2*s**2. Let t(i) = i - 16. Let u be t(21). Give o(u).
-4
Let s(g) = g**2 + g. Let d(p) = 7*p**2 + 5*p - 2. Let m(i) = -d(i) + 6*s(i). Let x(c) = -c**3 + 6*c**2 + 4. Let t be x(6). What is m(t)?
-10
Let k(u) = u**2 - 20*u + 20. Let t be k(19). Let p(d) = 14*d. Determine p(t).
14
Let x = 18 + -11. Suppose -u = 4*k - x, -5 = 4*u + 2*k + 3*k. Let v(n) = -n - 10. Give v(u).
-5
Let m(a) = -4*a. Let l(z) = 5*z + 1. Let b(o) = -5*l(o) - 6*m(o). Determine b(-5).
0
Let a(n) = -17 - 2*n + 6*n + 3*n - 6*n. Determine a(12).
-5
Let z(o) = 2*o - 2. Suppose -12 = 3*t - 21. What is z(t)?
4
Let y(j) = 8*j**2 + j. Let p(l) = -l + 1. Let f be p(2). Calculate y(f).
7
Let s(x) be the third derivative of x**5/60 + x**4/24 + x**2. Let p be -2 - (2/(-2) + -2). Let f be 2*3/(-6)*p. Calculate s(f).
0
Let c(l) = -l + 6. Let t(f) = f**3 - 10*f**2 - 12*f + 11. Let p be t(11). What is c(p)?
6
Let u = -57 - -56. Let z(l) = 3*l + 1. Calculate z(u).
-2
Let a(q) = -q - 11. Suppose 25 = -5*c - 35. Give a(c).
1
Let x be -3 + (-11)/(-5) + 2/(-10). Let m(y) = 2*y + 1. What is m(x)?
-1
Let f = -12 - -12. Suppose f = -4*g + 3*g + 3. Let i(d) = d**3 - 2*d**2 - 2*d - 2. Give i(g).
1
Let h be -10 + ((-3)/2 - 18/(-4)). Let j(p) = -p - 6. Give j(h).
1
Let s be 222/(-42) - (-4)/14. Let q(h) = h**2 + 7*h. Give q(s).
-10
Let f(q) = -3*q + 5. Suppose -2*p + 3 + 9 = 3*n, -4*n = -3*p - 16. Calculate f(n).
-7
Let j(u) = -11*u**3 - 4*u**2 + 1 + 4*u**3 - 4*u + 8*u**3. Let v = 5 - 0. Give j(v).
6
Let j(q) be the first derivative of -q**2/2 - 3*q + 22. Determine j(4).
-7
Let a(m) = m**3 - m**2 - m - 3. Suppose 12 = -3*f + 5*f + 3*s, 8 = 5*f + 2*s. Calculate a(f).
-3
Let b = -21 + 23. Let x(i) = -i**3 + 4*i**2 - 2*i - 1. Let q be x(b). Let h(y) be the first derivative of 2*y**3/3 - 5*y**2/2 + 3*y + 1. Calculate h(q).
6
Let s(l) = -l**3 - 12*l**2 - 4*l - 6. Let f(y) = -y**3 - 13*y**2 - 5*y - 7. Let n(t) = 3*f(t) - 4*s(t). What is n(-9)?
-6
Let z(r) be the first derivative of r**3/3 - 2*r**2 + 5*r - 6. Let h(f) = -f**2 + 5*f - 2. Let b be h(3). Give z(b).
5
Suppose r - 5 = -2*z, -4*r = -3*z + 7*z. Let l(j) = j**3 + 3 + 0 - 28*j - z*j**2 + 29*j. Suppose 4*i + 11*s - 6 = 6*s, 0 = -3*i - 2*s + 8. Determine l(i).
-9
Let r = 8 - 5. Let p be (-8)/(-3)*r/2. Let t(w) = -w**2 + 3*w + 3. What is t(p)?
-1
Let t be 26/8 - 2/8. Let o(s) = s. Give o(t).
3
Let c(b) = -b - 3. Let k be c(-8). Suppose 0 = -r - 0 + k. Let m(n) = -10*n + 3*n + n**2 + 5 + 0. Calculate m(r).
-5
Let w(b) = 3*b**3 - 2*b**2 - b - 1. Let f(a) = -4*a**3 + 2*a**2 + 2. Let d(o) = -2*f(o) - 3*w(o). Give d(3).
-1
Let k be ((-9)/4)/(3/8). Let d(w) = w**3 + 6*w**2 + 2*w + 5. Give d(k).
-7
Let h(c) be the second derivative of -c**4/12 + c**3/2 + 2*c**2 - 24*c. Let q(g) = -2*g - 3. Let v be q(-4). Determine h(v).
-6
Let r(n) be the third derivative of -n**5/60 + n**4/24 + 12*n**2. Let v(w) = -w. Let q be v(1). Give r(q).
-2
Let o be (-8)/3*(-15)/10. Suppose o*s - 8 = -4. Let j(r) = -4*r**2 + r. Give j(s).
-3
Suppose -8*r + 11 = 3*r. Let s(y) = -6*y - 1. Let u(q) = -7*q - 1. Let b(d) = -4*s(d) + 3*u(d). Give b(r).
4
Let g(i) = -i**2 + 6*i - 7. Let n(d) = -8*d**2 + 2*d + 2. Let u be n(2). Let h be (-9 + 1)*u/8. Suppose -4*j = -2*z + 4*z - h, 2*j - 19 = -3*z. What is g(j)?
-2
Let x be 3*(2/2)/1. Let z(i) = 1 - 1 - x + 2*i + 4. Determine z(4).
9
Let t = -67 + 60. Let n(c) = -c**3 - c**2 + c + 1. Let g(y) = -4*y**3 - 9*y**2 + 8*y - 4. Let u(v) = -g(v) + 3*n(v). Give u(t).
-7
Suppose -3*x = -5*x. Let u = 0 + 2. Let h(a) = x*a - a**2 - a**u + a + 1. Calculate h(-2).
-9
Let c be 4/(-14) + (-16)/(-7). Let l(g) = -2*g + g - 4 + c*g. Let o(n) = n**2 - 10*n + 6. Let v be o(9). Give l(v).
-7
Let o(p) be the second derivative of p**8/6720 + p**7/504 - p**6/360 - p**5/24 + 5*p**4/12 + 7*p. Let v(n) be the third derivative of o(n). Give v(-5).
5
Suppose 8 = 4*h - 4. Let q(y) = 3*y**2 - 6*y**3 + y - h*y**2. Suppose 3 = d + 2. What is q(d)?
-5
Let i be 1/((6/10)/3). Let j(c) = -c**3 + 2 + 0*c**3 + 0*c + i*c + 2*c**2 - 3*c**2. Determine j(-3).
5
Let h be 60/(-80) + 13/(-4) + 7. Let k(q) = -q**2 + 6*q + 4. Give k(h).
13
Let s be (-2)/(-6 - -4)*6. Let p(w) = -w**3 + 6*w**2 + 2*w - 9. Determine p(s).
3
Let u(n) = n**2 + 2*n - 10. Let y be u(-6). Let d be 88/y - (-8)/(-28). Let k(r) = r + 4. Give k(d).
10
Let k(g) = 0*g**2 - g**2 + 1 - g + 2*g**2. Suppose 3 = -4*b + 19. Suppose c + c = -4*m + 2, b*m + 4 = 4*c. Determine k(m).
1
Suppose -5*r - 11 = -146. Suppose -3*p = -5*t - 25, t = 2*t - 5*p + r. Let z(w) = -w**2 + w + 2*w**2 + w. Calculate z(t).
0
Let v(z) = z - 7. Let j(p) = 2*p + 23. Let w be j(-9). What is v(w)?
-2
Let i(l) = l**2 - 3*l + 3. Suppose -59 = -5*b + 1. Suppose -2*o - o + b = 0, -2*u - 8 = -4*o. Suppose -2*v = 3*p - 0*v - 5, u*v + 11 = p. Determine i(p).
3
Let d(b) = b + 11. Let u be d(-8). Suppose 7*y = u*y. Let g(c) = c + 5. Let n(h) = h + 4. Let s(t) = -4*g(t) + 5*n(t). Determine s(y).
0
Suppose -5*z - 12 = -8*z. Suppose 0 = -z*g + 7 + 9, -5*i + 31 = -g. Let r(n) = n**2 - 7*n + 2. Give r(i).
2
Suppose 5*n - 2*z - 19 = 0, 2*z + 2*z = -2*n + 22. Let u(w) = -3*w + 12. Let f(s) = -s + 4. Let k(g) = -17*f(g) + 6*u(g). Calculate k(n).
-1
Let a(z) = 4*z. Let r be a(2). Let m = -5 + r. Let s(k) = -k + 4*k + 3*k**2 - 3 + 6 + k**m. What is s(-3)?
-6
Let b = -1 - -7. Let p(z) = z**2 - 9*z + 6. Give p(b).
-12
Let q be (24/(-42))/((-2)/7). Let s(t) = 2 - 8*t**2 + 6*t + 9*t**2 - t - q*t. Let k(n) = -2*n**2 - 7*n - 4. Let y(u) = 3*k(u) + 5*s(u). Calculate y(-6).
-2
Let r(c) = -2 - 1 - 14*c + 15*c. What is r(4)?
1
Let h(u) = 1. Let k(d) = -d - 4. Let w(b) = 2*h(b) + k(b). Suppose 3 = 4*l - 13. Determine w(l).
-6
Let o(g) = -2*g**2. Let c be -1 + 2 + (-2)/(-2). Suppose 2*t + 10 + 18 = 5*j, 12 = -c*j - 5*t. Let n be (0 + -1)/(j/4). Calculate o(n).
-2
Suppose 0*h = -3*n + 5*h + 19, 5*n - 3*h = 5. Let r be -2*(-4 - n)/4. Let d(w) = -45*w. Let q(k) = -11*k. Let j(b) = 2*d(b) - 9*q(b). What is j(r)?
9
Suppose -2 + 6 = 4*f. Let x(k) = 5 - 2 - f + k**2 + k. Give x(-2).
4
Let w be -1*(0 + 6/3). Let g(z) = -z**3 - 2*z**2 - z - 2. What